divided by 15.
13
What is the remainder when 17 is divided by -1*(-3 - -1) - -3?
2
Let o(j) = 7*j - 4. Let l be o(3). Suppose l = y - 2. What is the remainder when y is divided by 1/3 + (-58)/(-6)?
9
Suppose 4*k = -7 - 13. Let j(l) = -l**2 - 6*l - 1. Calculate the remainder when 7 is divided by j(k).
3
Suppose -3*a = -4*a + 55. Suppose -4*d + 5*b + 143 = 0, -4*b - a - 117 = -5*d. What is the remainder when d is divided by (-4)/(-18) - 388/(-36)?
10
Let v(o) = o**3 - 7*o**2 - 3*o - 1. What is the remainder when v(8) is divided by (-144)/(-10) - (-8)/(-20)?
11
Suppose 0 = 5*s + 5*a - 35, 2*s - 2*a = 30 - 4. What is the remainder when 28 is divided by s?
8
Let m(p) = 4*p - 5. What is the remainder when 113 is divided by m(7)?
21
Suppose 0 = -2*p + 5*p. Suppose p*i + 10 = 2*i. Suppose -i*z = -2*z - 30. What is the remainder when z is divided by 6?
4
Suppose 0 = 20*h + 6*h - 1534. Let o = 52 - 31. Calculate the remainder when h is divided by o.
17
Let m(i) = i**2 + 2*i - 5. Calculate the remainder when m(5) is divided by 11.
8
Let p(q) = 9*q + 19. Calculate the remainder when p(6) is divided by 26.
21
Let b = -3 + 6. Let g = 5 - 1. Suppose 2*h = -r - 0*h + 16, -g = 2*r - 5*h. Calculate the remainder when r is divided by b.
2
Let f = 210 + -126. Calculate the remainder when f is divided by 32.
20
Calculate the remainder when 39 is divided by (4/(-12))/((-4)/168).
11
Suppose 3*s + 4*d - 83 = 0, 5*s + 0*d - 129 = -2*d. What is the remainder when (-4)/((-4)/101) + -3 is divided by s?
23
Suppose 0*p = -p + 2*b + 19, 0 = p + 3*b + 1. Let c(y) = -y + 2. Calculate the remainder when p is divided by c(-2).
3
Suppose 0 = 47*a - 45*a - 28. What is the remainder when 97 is divided by a?
13
Suppose 3*b = 5*b - 18. Let s(o) = -3*o - 1. What is the remainder when s(-6) is divided by b?
8
Let s(y) = 47*y**3 + y**2 - 6*y + 5. Let c(j) = j**2 - 4. Calculate the remainder when s(1) is divided by c(4).
11
Let x(c) be the third derivative of -c**4/24 - c**3/2 + 2*c**2. Calculate the remainder when (2 - 5/2)*-46 is divided by x(-11).
7
Calculate the remainder when 6 is divided by ((-4)/8)/((-3)/18).
0
Suppose -8*m = -11*m - 3. Let d be 5*4*m/(-5). Calculate the remainder when (9 + -18)*d/(-6) is divided by 4.
2
Suppose -4*m = -3*q - 12, 5*q = -2*m + 6*m - 12. Suppose m*i = -3*x + 198, 98 = i + 2*x + 28. Calculate the remainder when i is divided by 21.
20
Suppose 3*w = 4*v - w - 88, -4*v + 5*w + 87 = 0. Calculate the remainder when v is divided by 2*(9 + (-1 - 2)).
11
Let w(l) = -l**2 + 17*l + 12. What is the remainder when w(13) is divided by 22?
20
Suppose -2*v - 7 = 2*y + 13, 5*v - 100 = 5*y. Let d = -11 - y. Calculate the remainder when 15 is divided by d.
3
Let b = -2 + 8. Calculate the remainder when 33 is divided by b.
3
Suppose 5*u - 140 = -5*p, 4*p = -0*p + 3*u + 77. Calculate the remainder when p is divided by 6.
5
Let t(z) = 23*z. Suppose 2*l + 1 = 3*l. Let h be t(l). Let p = -7 + h. Calculate the remainder when p is divided by 9.
7
Let h(f) = -6*f + 7. What is the remainder when h(-7) is divided by 17?
15
Suppose 5*t = -0*t + 55. Let z be ((-1)/(-5))/(5/50). Suppose -3 = g - z, 2*d + 2*g = 4. Calculate the remainder when t is divided by d.
2
Let s(b) = b + 34. What is the remainder when 74 is divided by s(-15)?
17
Let q(o) = o**3 - 3*o**2 - o - 2. Let f be q(3). What is the remainder when 16 is divided by 6 + f/(5/(-3))?
7
Let f be (-4)/(-6) + (-68)/12. Let u(k) = k**3 + 5*k**2 - k + 4. Calculate the remainder when u(f) is divided by 4.
1
Let d(c) = 2*c**2 - 2*c + 3. Let o be d(2). Let b = -5 + o. Calculate the remainder when (5 - 2)/(6/4) is divided by b.
0
Let h(j) be the third derivative of j**5/30 + j**4/12 + j**3/6 - j**2. Suppose 3 = 5*s + 13. Calculate the remainder when 9 is divided by h(s).
4
Let r(z) = 4*z**2 + z. Let k be r(1). Suppose -5*h + k*g = -0*h - 25, -h = -2*g - 4. What is the remainder when 9 is divided by h?
3
Let q be (-116)/(-6) + (-6)/(-9). Suppose 0 = l - 3*w + 6*w - q, -2*l + 5*w = -29. Calculate the remainder when (-2)/((-8)/(-12)) + 52 is divided by l.
15
Suppose 198 - 3 = 3*i. What is the remainder when i is divided by 22?
21
Let w = 127 + -90. Let d be -8*((-3)/1)/6. Suppose 15 = 5*x, -d*x - 26 = 5*g - 88. Calculate the remainder when w is divided by g.
7
Let y(o) = -o**2 - 8*o + 4. Suppose -3*p + 18 - 6 = 0. Suppose 2*h - p*l + 35 = 7, -11 = 4*h + l. What is the remainder when 38 is divided by y(h)?
18
Suppose 4*w + 12 - 100 = 0. What is the remainder when 106 is divided by w?
18
What is the remainder when (-1)/(3 - (-732)/(-243)) is divided by (0 + 9/(-6))*-14?
18
Let d be (9 + 2 + -1)*1. Suppose 3*n - 10 = -0*n - u, -5*u = 5*n - d. Calculate the remainder when 7 is divided by n.
3
Suppose -p + 5 = -0*h + 2*h, -2*p - h + 4 = 0. What is the remainder when 6 is divided by p?
0
Let j = 28 - -2. Suppose -6 = 4*x - j. What is the remainder when x is divided by 4?
2
Suppose 2*c - 13 = -f, -2*f - 5*c + 30 + 0 = 0. What is the remainder when 16 is divided by f?
1
Suppose -5*c + 84 = -16. Calculate the remainder when (88/16)/((-2)/(-28)) is divided by c.
17
Let b(f) = 3*f**2 + 4*f + 2. Let o(a) = 7 + 14 - 2*a + 3*a. Calculate the remainder when b(-4) is divided by o(-9).
10
Let r(u) be the third derivative of u**2 + 0 + 1/12*u**5 + 2/3*u**3 + 1/4*u**4 + 0*u - 1/120*u**6. What is the remainder when r(6) is divided by 3?
1
Let y(k) = 0 + 4 + 3*k - 11*k**2 + 12*k**2. What is the remainder when y(-5) is divided by 5?
4
Suppose -k + 5 = -5. Let t(j) = -2*j - 2. Calculate the remainder when k is divided by t(-4).
4
Let l be ((-6)/(-2))/(12/16). Suppose l*w - 333 + 17 = 0. Calculate the remainder when w is divided by 20.
19
Suppose 4*a - 2*z - 4 = 0, -2*a - 9 = -a - 3*z. What is the remainder when 4 is divided by 0 - a*(-4)/6?
0
Suppose -o = 4*s + 7, -6*o + o + 3*s + 34 = 0. Suppose -3*k - 2*j = j - 21, j = -o*k + 31. Calculate the remainder when 23 is divided by k.
5
Suppose 22*v = 910 + 256. What is the remainder when v is divided by 10?
3
Let a(r) = 6*r**2 + 3. Let p be a(3). Suppose -5*y + 212 - p = 0. Let v(c) = c**3 - 6*c**2 + 3*c - 2. Calculate the remainder when y is divided by v(6).
15
Suppose -5*h - 23 = -268. What is the remainder when h is divided by 26?
23
Suppose -16 = -5*h + h. Suppose -16 = -h*n + 8. Calculate the remainder when 15 is divided by n.
3
Suppose 0 = 4*b - 2*j - 13 - 69, -21 = -2*b - 3*j. Suppose -2*a + a = -b. What is the remainder when 70 is divided by a?
16
Let l = 58 - 40. Suppose -18*m - 25 = -23*m. Calculate the remainder when l is divided by m.
3
What is the remainder when 53 is divided by (-3 - 0)*(-56)/6?
25
Let c = 50 - 9. Calculate the remainder when c is divided by 21.
20
Calculate the remainder when 20/(25/(-5)) - -39 is divided by 18.
17
Let x(v) = -2*v - 1. Let l be x(-3). Suppose -b + k = 19, l*b + 4*k + 125 = 30. Let s = b + 28. What is the remainder when 16 is divided by s?
7
Let s(l) = -2*l - 3. What is the remainder when 8 is divided by s(-5)?
1
What is the remainder when (-4)/(((-10)/135)/1) is divided by 15?
9
What is the remainder when 3 - (-90 - (-2 + 3)) is divided by 19?
18
Suppose 1 - 5 = -3*q + a, 2 = -2*a. What is the remainder when 2 is divided by q?
0
Let i(g) = 8*g**2 - 4*g + 2. Let x be i(2). Suppose -101 + x = -5*y. What is the remainder when 28 is divided by y?
13
Let d be 1*175 + 3 + -2. Suppose -11*n + d = -9*n. Calculate the remainder when n is divided by 23.
19
Suppose -20 = -2*d - 3*d. Suppose -t + 47 = d. Calculate the remainder when t is divided by 15.
13
Suppose -d + 304 = 3*d. Calculate the remainder when d is divided by 20.
16
Suppose 5*x - 3 = 12. Suppose 5*c - x = 12. Suppose 14 = 4*l - c*l. What is the remainder when 26 is divided by l?
12
Let h be -6*(2/(-4) - 0). Suppose h*s + 164 = 7*s. What is the remainder when s is divided by 14?
13
Suppose -3*w + 45 = -0*w. Calculate the remainder when 8*(w/(-2))/(-3) is divided by 7.
6
What is the remainder when (2 - 4)*(-1 + 153/(-2)) is divided by 52?
51
Let i = -45 + 54. What is the remainder when 58 is divided by i?
4
Suppose -4*h + 99 = 23. What is the remainder when h is divided by 15?
4
Let w = 205 + 26. Calculate the remainder when w is divided by 26.
23
Suppose 0 = g + 3*x - 20, 10 = 5*g - 2*x - 5. Calculate the 